nd 63.
7
Let t be (0 - 0)/(1 + -2). Let d = 12 - t. What is the greatest common factor of d and 60?
12
Let s = -267 + 376. Let f = s - 75. Suppose f = 4*d + x, 3*d + 4*x - 28 = -d. What is the greatest common factor of d and 27?
9
Suppose 5*r + 3*y - 285 = 0, -r + 3*y = 5*y - 50. What is the greatest common factor of r and 6?
6
Let l be (-5)/2*(1 + 1). Let o = l - -8. Let r = o + 12. What is the greatest common factor of r and 135?
15
Suppose 3*w = -4*f + 17, 0 = -2*w + 4*f - 3 + 1. Let z(x) = x**3 - 3*x**2 + 1. Let m be z(w). Calculate the greatest common factor of m and 3.
1
Suppose 0 = -3*p + 264 - 54. Suppose 0 = 2*h + 16 + 8. Let b = 16 - h. Calculate the highest common factor of p and b.
14
Let v = -7 - -18. Suppose 0 = -3*l - 2*l - 45. Let p be ((-3)/l)/(1/363). Calculate the greatest common divisor of v and p.
11
Let q(p) = -88*p. Suppose 5*u - 5*m - 13 + 43 = 0, 3*m - 11 = -4*u. Let w be q(u). Let a = -8 + 16. Calculate the greatest common factor of a and w.
8
Let t(g) = g**3 + 5*g**2 - 4*g - 7. Suppose -3*u = l + 11, u - 1 = 3*l - 18. Let s be t(u). What is the greatest common divisor of 117 and s?
13
Let s = -42 - -68. Suppose -3*l = 4*x - 0*x - 3, -4*l + 4 = 4*x. Suppose -m + 77 = -0*f + 2*f, -m = l. Calculate the greatest common divisor of f and s.
13
Let x be 1/(3/(16 + -4)). Let t(y) = y**2 + 2*y + 1. Let m be t(5). What is the greatest common factor of m and x?
4
Let k be 2/((-4)/14)*-1. Let c(h) = -h - 3*h - 11 + 5. Let u be c(-5). Calculate the highest common divisor of k and u.
7
Let r be 45*1 - (3 - 3). Suppose -120 = z - 5*z. What is the greatest common divisor of r and z?
15
Let i(j) = j**3 - 11*j**2 + 3*j + 7. Let t be i(11). Calculate the greatest common divisor of 30 and t.
10
Suppose g = -2*x + 9, 5*x - 17 = -g - g. Let f(c) = -c**2 - 12. Let b be f(0). Let w be b/((-50)/44 + 1). What is the highest common divisor of w and g?
11
Let m(n) = -6*n + 24. Let f be m(-10). What is the greatest common divisor of 56 and f?
28
Let r be 4/(-6)*(-126)/12. Calculate the highest common factor of 56 and r.
7
Let q(y) = -y**2 + y - 1. Let u be q(2). Let s be -30*2*u/12. Calculate the greatest common factor of s and 30.
15
Suppose -c - 9 = -q, -4*c = 3*q - 2*c - 37. Let r = q - 6. Suppose 11 = 2*w + w + n, 2*n + 23 = 3*w. Calculate the highest common factor of w and r.
5
Let n be ((-18)/(-27))/((-2)/(-81)). Suppose 0 = 3*m - 0*m - 2*l - 3, 2*m - 3*l + 3 = 0. Calculate the greatest common divisor of n and m.
3
Suppose 3*w = 0, 0 = 2*m - 4*w + 2*w + 340. Let f = m + 390. Calculate the greatest common divisor of 20 and f.
20
Let j = -65 - -74. What is the highest common divisor of 117 and j?
9
Let l(c) = -c**3 - 20*c**2 + 19*c - 4. Let b be l(-21). What is the greatest common factor of b and 19?
19
Suppose -g + 37 = -3*x + 226, -2*x = g - 121. Calculate the highest common factor of x and 31.
31
Let a be (-25)/(-2)*(-4)/(-5). Let r be 105/(-6)*(-8)/a. Suppose 126 = 3*v - 2*p, p + 125 = 3*v - 1. What is the highest common divisor of v and r?
14
Let y(m) = 2*m + 23. Let d be y(-7). What is the greatest common divisor of d and 99?
9
Suppose 0 = c - 2*c + 2. Suppose -3*a - 4*i = 0, -4*i = -a + 25 - 9. Suppose -3*o + o = -a. What is the greatest common factor of o and c?
2
Let b be 2 + 0 - 0/(-5). Suppose -2*x + 11 = -5*j - 0*x, 2*j - b*x + 2 = 0. Let c be 5/(-15) + (-85)/j. Calculate the greatest common factor of 14 and c.
14
Let s(i) = 31*i**3 + 4*i**2 - 5*i + 2. Let x be s(3). Let o be x/16 + (-1)/(-4). What is the greatest common divisor of 6 and o?
6
Let t = 37 + -14. What is the highest common divisor of 23 and t?
23
Let g(w) = -1 - w**2 + 9*w**2 + 5*w - w**2. Let i be g(-4). Calculate the highest common divisor of i and 13.
13
Let z = 8 + 0. What is the greatest common factor of 48 and z?
8
Let c(z) = -2*z**2 + 32*z - 29. Let x be c(13). What is the highest common divisor of x and 441?
49
Let z(y) be the first derivative of y**3 - 2*y**2 + y - 3. Let d be z(3). Suppose 4*v = -d, 4 = -3*q + q - 3*v. What is the highest common divisor of 12 and q?
4
Suppose 847 = 4*u - 593. Suppose -f + 72 = -3*n - 2*n, -5*f + n + u = 0. Calculate the highest common factor of 8 and f.
8
Suppose -2*p = 4, 5*p - 16 = -2*t + 4*p. What is the highest common divisor of 99 and t?
9
Suppose -3*u = 3*g - 42, u + 3*g = 7 + 9. Let y = u - 8. Suppose r - 31 = -y*v, -111 = 4*r - 7*r + 3*v. Calculate the greatest common divisor of r and 9.
9
Suppose 0 = 9*c + 5*c - 224. Calculate the highest common divisor of 12 and c.
4
Let q = -103 + 130. Calculate the highest common divisor of 36 and q.
9
Let d be 8/(-8 + 56) + 2590/12. Calculate the greatest common factor of d and 24.
24
Suppose -5*o - 308 = -2*i, -4*i + 2*o + 423 + 193 = 0. What is the greatest common divisor of i and 22?
22
Let l = -22 - -34. Let i = l - 8. Calculate the greatest common divisor of 12 and i.
4
Let v be (-44)/3 + 10/(-30). Let w be 2/(-10) + (-228)/v. Calculate the greatest common divisor of w and 15.
15
Let q be 1*-1*(1 - -43). Let w = q + 84. Let l be 3/(-6) - (-88)/16. Calculate the highest common divisor of l and w.
5
Let d = -9 - -13. Suppose 5*l = -2 + 32. Let k = l - d. What is the greatest common factor of k and 10?
2
Suppose -3*z + 193 = 46. Calculate the highest common factor of z and 7.
7
Let w = 61 + -1. What is the greatest common divisor of w and 40?
20
Let a(g) = -g**3 - 8*g**2 - 6*g + 3. Let j be a(-8). Let i = j - 25. What is the greatest common factor of 65 and i?
13
Let i be (-6)/4*36/(-27). Calculate the greatest common factor of i and 8.
2
Suppose -3*b - 6 = 2*c, -4*c + b - 18 = 4*b. Let a be c*(-1 - (-1)/(-2)). Suppose 3*y - 9 = -0*y. What is the highest common divisor of y and a?
3
Suppose -3*t - 2*c - 1 = 0, -4*t + c = -5*t - 1. Let b = 13 + t. What is the greatest common divisor of 2 and b?
2
Suppose i + 27 = 117. Let u = -9 - -27. What is the greatest common divisor of u and i?
18
Let x(b) = 43*b**2 + b. Suppose 2 = z + 1. Let q be x(z). What is the highest common factor of q and 11?
11
Let d be (-3 + 1)/(-2) + 5. What is the greatest common divisor of d and 96?
6
Let n = 20 + -13. Suppose -h = -18 - 31. What is the greatest common factor of n and h?
7
Let w be (-114)/(-8) + 1/(-4). Let r = -234 - -383. Suppose -2*p - 2*f + r = -57, -f = 2*p - 201. What is the highest common divisor of w and p?
14
Let s be 58/14 - 2/14. Suppose s*n - 5*n = -14. What is the greatest common factor of 21 and n?
7
Let f(r) = -11*r - 6. Let q be f(-2). What is the greatest common divisor of q and 80?
16
Let d(z) = z**3 - 3*z**2 + 2*z + 5. Let c be d(4). Calculate the greatest common factor of c and 261.
29
Suppose 0 = 3*l - u - 91, -2*l = 2*u - 4*u - 66. What is the highest common factor of l and 87?
29
Let r(p) = -3 + 5 + 10 - 4 + p. Let y be r(0). What is the highest common divisor of y and 2?
2
Let b(n) = -10*n + 1. Let l = 7 - 8. Let w be b(l). Calculate the greatest common factor of 11 and w.
11
Suppose 4*x + 4*u - 64 = 0, 2*u = 8*x - 3*x - 94. What is the greatest common factor of 45 and x?
9
Suppose -3*k - 246 = -l, l = 3*l - 2*k - 488. Let n be (-8)/(-28) + l/7. Calculate the highest common divisor of n and 7.
7
Let g(i) = -3*i - 8. Let u be g(-4). Let m be (48/(-9))/(u/(-6)). What is the greatest common factor of m and 12?
4
Let t(f) = f**3 - 3*f**2 + 3*f - 6. Let v be t(3). Let n be (v + 47)*(2 + -1). Suppose 3*u + 0*u - 30 = 0. What is the highest common factor of n and u?
10
Let u be (-3)/2*32/(-3). Let q = 23 - u. Calculate the highest common factor of q and 21.
7
Suppose 4*w - 3*x - 255 = 0, 4*x - 87 = -3*w + 98. What is the highest common divisor of 42 and w?
21
Suppose 5*b + 4*z = 28, -6*z - 33 = -3*b - 3*z. Suppose -2*o + 326 = 5*r, 4*r + 5*o - 265 = 2*o. Calculate the greatest common factor of r and b.
8
Let s(j) be the first derivative of -j**3/3 + 4*j**2 - 9*j + 1. Let k be s(6). What is the highest common factor of k and 2?
1
Let m = 33 + -23. What is the highest common divisor of m and 50?
10
Suppose 0 = -3*s + 4*k + 34, s - k + 72 = 6*s. Let m = s - 10. Suppose -m*b + 18 = -14. Calculate the greatest common divisor of 8 and b.
8
Let j be (14/10)/(2/10). Calculate the highest common factor of j and 203.
7
Let f(m) = -m**3 - 4*m**2 + 8*m + 6. Let h be f(-5). Let y = 